. Suppose 9*v - 4*v - 35 = g. What are the prime factors of v?
7
Suppose -i - 2*x + 79 = 0, 10*i + 4*x = 5*i + 383. What are the prime factors of i?
3, 5
Let f = -28 + 30. Suppose -5*m + 0 - 27 = -f*j, -2*m = -5*j + 78. What are the prime factors of j?
2
Let l = -11 - -31. What are the prime factors of l?
2, 5
Let q(a) = -a**2 + a - 1. Let s(w) = 20*w**2 + 2*w - 1. Let h(i) = -q(i) + s(i). What are the prime factors of h(-1)?
2, 5
List the prime factors of (-6 + (-224)/20)/(2/(-30)).
2, 3, 43
List the prime factors of 592/20 + 4/10 - -1.
31
Let r(b) be the first derivative of b**5/60 + b**4/8 - 2*b**3/3 - 2*b**2 - 3. Let d(h) be the second derivative of r(h). List the prime factors of d(-5).
2, 3
Let y(g) = 11 - 2 + 2*g**3 - g**3 - 4*g - 2*g**3 + 7*g**2. List the prime factors of y(6).
3, 7
Let m(l) = l**2 + 5*l + 5. Suppose -3*p + w + 14 = -w, 2*w + 6 = p. Let s(g) = -g**3 + 4*g**2 - g - 3. Let d be s(p). What are the prime factors of m(d)?
19
Suppose 11 = -2*y - 3. Let o = 13 + y. What are the prime factors of o?
2, 3
Let u(g) = 3*g + 4. Suppose -6*l + 9 = -3*l. What are the prime factors of u(l)?
13
Suppose -4*v = 1 - 9. Suppose -2 = w - 7. Suppose -5*u + 7 = 2*x, -v*x = x - w*u - 23. What are the prime factors of x?
2, 3
Let s(n) = -n + 4. List the prime factors of s(-12).
2
Let q(k) = k**3 + 8*k**2 - 6*k - 17. List the prime factors of q(-8).
31
Suppose -3*z = -5*a + 18, 4*a + a + z = 14. What are the prime factors of a?
3
Suppose r - 1 = 2. Let u be 22 + (1 - 1 - 0). Suppose -j = -r*j + u. List the prime factors of j.
11
Let w = 27 - 23. Let m(s) = -s**3 + 5*s**2 + 4*s - 3. What are the prime factors of m(w)?
29
Suppose -p = 5, 0 = 5*v + 2*p + 3*p + 5. Suppose v*c - 62 = -6. Suppose c = 4*d - 14. What are the prime factors of d?
7
Suppose 2*x + 7 + 23 = 0. Let u(a) = -2*a + 20. What are the prime factors of u(x)?
2, 5
Let j = 35 + 40. What are the prime factors of j?
3, 5
Let d(s) = s**3 - 8*s**2 - 3*s - 7. Let w be d(9). Suppose -3*p + 11 = -3*b - 28, p + w = -3*b. List the prime factors of ((-9)/b)/(1/15).
3
Suppose 4 = 4*l - 0*i - 2*i, 5*i = -5*l + 35. Let d = -1 + l. Suppose 4*m + 14 = q, -7*q + 2*q = d*m - 4. List the prime factors of q.
2
Let w(u) = -4*u**2 + 0*u**3 + 1 - 7*u - u**3 - 4*u**2 + 1. Let j be w(-7). Suppose 8 = j*y - 6. List the prime factors of y.
7
Let l(w) = w**2 - 5*w + 6. Let q be l(9). Suppose 7*g - 4*g = q. What are the prime factors of g?
2, 7
Suppose -2*v + 2 = -2, 0 = 2*y + 2*v - 208. List the prime factors of y.
2, 3, 17
Suppose 0 = 3*t - 4*t + 2. Suppose o + 0*o - t*x = 33, 4*o + 4*x = 84. List the prime factors of o.
5
Suppose q - 2 - 1 = 0. Let d be ((-6)/10)/(q/15). Let a(h) = -h**3 - h**2 + 4*h. List the prime factors of a(d).
2, 3
Let g = 206 + 21. Suppose -2*z - 21 = -3*t - 104, -5*z + t + g = 0. What are the prime factors of z?
2, 23
Let r(y) = -y**3 + 6*y**2 - 6*y + 7. Let k(x) = -2*x - 8. Let n be k(-6). Suppose -3*u - 1 - n = 5*t, 4*t + 26 = 2*u. List the prime factors of r(u).
2
Suppose -3*i + 4 = -8. Suppose 2*z + 3 = 5*f, f - 25 = -i*f. What are the prime factors of z?
11
Let f(s) = 2*s + 2. Let w be f(2). What are the prime factors of (8/w)/((-2)/(-9))?
2, 3
Let k(g) = 6*g - 3. What are the prime factors of k(3)?
3, 5
Let t(n) = n**2 - 6*n + 3. Let z be t(6). Let l = 5 - z. Suppose 2*j + l = 6. List the prime factors of j.
2
Let r(b) = 3*b**2 - 8*b - 5. Let n be r(6). Suppose p + n = -4*p. List the prime factors of 4 + -3 - (p - 0).
2, 3
Let j(b) = b + 1. Suppose 4 = 5*w - 16. What are the prime factors of j(w)?
5
Let z = -30 - -51. List the prime factors of z.
3, 7
Suppose -1215 = -14*q + 5*q. List the prime factors of q.
3, 5
Let m(l) = 2*l**3 - l + 1. Let y be m(1). Suppose y*o - 8 = -0*o. List the prime factors of o.
2
Let i = -5 + 21. What are the prime factors of i?
2
Suppose 0 = -5*a - 5, -3*o = -4*a - 16. List the prime factors of (-3)/((-1)/o*2).
2, 3
Suppose 19 = 2*x + m, -3*x + 24 = 4*m + 8. Suppose x = 5*h - 53. List the prime factors of h.
13
Suppose 0 = 2*c + 2*o + 25 - 85, -3*c + 94 = 5*o. List the prime factors of c.
2, 7
Let m be (-5 + 2 - -3)*1. Suppose -13 = -2*i + 3*y, -i + 4*i - 4*y - 20 = m. What are the prime factors of i?
2
Suppose 0 = 2*b + 2. Let a(g) = 2*g. Let u be a(b). List the prime factors of (0/u - -6) + 2.
2
Suppose -2844 = -12*o - 672. List the prime factors of o.
181
Suppose 4*d + 2*h = 36 + 18, -3*d + h = -38. What are the prime factors of d?
13
Suppose 4*j + 404 = 4*i, 4*i + 2*j = 3*i + 92. List the prime factors of i.
2, 7
Let c(p) = -p**3 - 4*p**2 - 2*p + 4. Let q be c(-3). Let t(k) = 9*k**2 - 1. What are the prime factors of t(q)?
2
Suppose 28 = -3*q + 7*q. Let g = q - 4. Suppose 2*l - 36 = -4*c, -4*l + g*c + 21 = -7. List the prime factors of l.
2, 5
Suppose 0*s = -s - 3. Let v = s + 6. List the prime factors of v.
3
Let w = 1 + -1. Let c be (1 - w - 1) + 0. Suppose x + c - 4 = 0. What are the prime factors of x?
2
What are the prime factors of (237 - 0) + (-4)/(-16)*4?
2, 7, 17
Let j = -10 + 7. Let z be j/(-6) - (-5)/2. Suppose -5 = -z*t + 25. List the prime factors of t.
2, 5
Suppose -14*j + 7*j = -49. What are the prime factors of j?
7
Suppose 3*w - 4*l = l + 574, -4*l + 583 = 3*w. List the prime factors of w.
193
Let n = 159 - -161. What are the prime factors of n?
2, 5
Let n be (1 + 0 - -25)/2. Suppose s = 4*s - 2*v - n, s = -v + 11. What are the prime factors of s?
7
Let v be (-5 + 0)*(-6)/(-10). Let t(h) = -h**2 - 3*h + 2. What are the prime factors of t(v)?
2
Let n(j) = -4*j + 61. List the prime factors of n(-13).
113
Let m be 24/18 - 8/(-3). Let b(n) = 2*n**2 - 4. What are the prime factors of b(m)?
2, 7
Let c = -189 + 355. What are the prime factors of c?
2, 83
Suppose x = -2*x + 12. Suppose -x*t = -t - 48. List the prime factors of t.
2
What are the prime factors of (-3728)/(-14) + 4/(-14)?
2, 7, 19
Let n(q) = -q**3 - 2*q**2 - 3*q - 2. Let f be n(-2). Suppose -v + f - 2 = 0. Let t = v + 1. List the prime factors of t.
3
Suppose -q = 66 - 196. What are the prime factors of q?
2, 5, 13
Let p = 3 - 1. Suppose -p*w + 15 = w. What are the prime factors of w?
5
Suppose -2*b = -4*b + 72. Suppose n + n = b. List the prime factors of n.
2, 3
Let j(l) = l**2 + 4*l + 2. Let g(z) = -z - 9. Let v be g(-6). Let f be j(v). What are the prime factors of 9 + (-1 - -1)*f?
3
Let v be 6/(-21) + (-79)/(-7). Suppose -67 = -4*p - v. What are the prime factors of p?
2, 7
Let n = 158 - 112. What are the prime factors of n?
2, 23
Let t be (-1)/((-4)/6)*2. Suppose -t*f - 20 = -8*f. Suppose 6*n = f*n + 16. List the prime factors of n.
2
Let b be 0 - (-6)/(0 + 1). Suppose 6 = -3*q + 3. What are the prime factors of (b/15)/(q/(-5))?
2
Suppose 2*s + 0*s = 4*i + 32, -4*i - 52 = 3*s. Let u = 1 + -16. List the prime factors of i/(-6) + (-5)/u.
2
Suppose -4*l - 5 = -2*j + 7, -2*l = -4*j + 18. Suppose 144 = 4*r - j*w, 0 = r - 6*r + 3*w + 182. List the prime factors of r.
37
Let q be (-1)/3 + (-1414)/(-21). Suppose 0 = -5*n + d + q, 3*n - 47 = -3*d - 14. What are the prime factors of n?
13
Suppose 8*l = 7*l - 2. Let w = 10 + l. List the prime factors of w.
2
Let z(j) = 6*j - 2. Let k = 1 + 1. List the prime factors of z(k).
2, 5
Let x = -4 + 1. List the prime factors of 8/x*(-30)/8.
2, 5
Let b(k) = -k**3 - 3*k**2 + k. Let i be b(-3). Let t be 6/i + 2 + -4. Let o = t + 8. List the prime factors of o.
2
Let c be -23 - (1 + -5 + 1). Let y = -8 - c. List the prime factors of y.
2, 3
Let t(l) = -17*l - 95. What are the prime factors of t(-22)?
3, 31
What are the prime factors of 4/(-16) - (-69)/4?
17
Let a = 10 - 10. Suppose a = -0*k + 4*k - 96. What are the prime factors of k?
2, 3
Let h = 11 + -15. Let l(t) = -4*t + 4. Let m be l(h). Suppose -3*f = -f - m. List the prime factors of f.
2, 5
Let i = -2 - -3. Let m be 3/6*(73 + i). Suppose -j + 5*o = 2, -4*o = j - m + 12. What are the prime factors of j?
13
Let g be 30 - ((-3)/1 - -2). Let y = 51 - g. List the prime factors of y.
2, 5
Let w(d) = d**2 + d - 7. List the prime factors of w(-6).
23
Suppose 3*t - 1 = 6*t + 2*c, 3*t - 4*c = 11. What are the prime factors of t + 8 - 0 - -2?
11
Suppose 19 = 5*g - 6. Suppose 195 = g*f + 45. What are the prime factors of f?
2, 3, 5
Suppose 3*f - 5*k - 366 = 0, 67 = f - k - 55. List the pr